 23
What are the prime factors of 65211?
3, 21737
What are the prime factors of 3409?
7, 487
List the prime factors of 952.
2, 7, 17
List the prime factors of 1625.
5, 13
What are the prime factors of 1550?
2, 5, 31
What are the prime factors of 3779?
3779
What are the prime factors of 1770?
2, 3, 5, 59
What are the prime factors of 531?
3, 59
What are the prime factors of 28051?
28051
List the prime factors of 543.
3, 181
What are the prime factors of 81?
3
List the prime factors of 18834.
2, 3, 43, 73
What are the prime factors of 1168?
2, 73
What are the prime factors of 98143?
98143
What are the prime factors of 25636?
2, 13, 17, 29
List the prime factors of 93775.
5, 11, 31
What are the prime factors of 56395?
5, 11279
What are the prime factors of 1468?
2, 367
What are the prime factors of 975?
3, 5, 13
What are the prime factors of 325?
5, 13
List the prime factors of 55231.
11, 5021
List the prime factors of 13881.
3, 7, 661
List the prime factors of 21513.
3, 71, 101
List the prime factors of 168.
2, 3, 7
List the prime factors of 1786.
2, 19, 47
What are the prime factors of 1269?
3, 47
What are the prime factors of 990?
2, 3, 5, 11
List the prime factors of 24261.
3, 8087
What are the prime factors of 692?
2, 173
What are the prime factors of 39243?
3, 103, 127
What are the prime factors of 13262?
2, 19, 349
List the prime factors of 107769.
3, 35923
What are the prime factors of 4149?
3, 461
What are the prime factors of 60304?
2, 3769
What are the prime factors of 9132?
2, 3, 761
What are the prime factors of 16039?
43, 373
List the prime factors of 102752.
2, 13, 19
What are the prime factors of 1793?
11, 163
What are the prime factors of 64964?
2, 109, 149
List the prime factors of 722.
2, 19
List the prime factors of 10025.
5, 401
List the prime factors of 73.
73
What are the prime factors of 7583?
7583
What are the prime factors of 4654?
2, 13, 179
List the prime factors of 89835.
3, 5, 53, 113
List the prime factors of 1155.
3, 5, 7, 11
What are the prime factors of 1002?
2, 3, 167
List the prime factors of 3372.
2, 3, 281
What are the prime factors of 932?
2, 233
What are the prime factors of 17604?
2, 3, 163
What are the prime factors of 2887?
2887
What are the prime factors of 192?
2, 3
List the prime factors of 308.
2, 7, 11
What are the prime factors of 41642?
2, 47, 443
List the prime factors of 2999.
2999
What are the prime factors of 675?
3, 5
List the prime factors of 1317.
3, 439
What are the prime factors of 5585?
5, 1117
What are the prime factors of 940?
2, 5, 47
What are the prime factors of 63153?
3, 2339
What are the prime factors of 1492?
2, 373
List the prime factors of 81578.
2, 7, 5827
List the prime factors of 65967.
3, 11, 1999
What are the prime factors of 35385?
3, 5, 7, 337
List the prime factors of 1258.
2, 17, 37
What are the prime factors of 88709?
43, 2063
What are the prime factors of 36642?
2, 3, 31, 197
What are the prime factors of 557?
557
List the prime factors of 6773.
13, 521
What are the prime factors of 335?
5, 67
What are the prime factors of 514?
2, 257
List the prime factors of 3073.
7, 439
List the prime factors of 1486.
2, 743
List the prime factors of 4623.
3, 23, 67
List the prime factors of 27707.
103, 269
List the prime factors of 72497.
72497
List the prime factors of 46899.
3, 193
List the prime factors of 28120.
2, 5, 19, 37
What are the prime factors of 29458?
2, 11, 13, 103
List the prime factors of 11275.
5, 11, 41
What are the prime factors of 29357?
31, 947
List the prime factors of 7792.
2, 487
List the prime factors of 570.
2, 3, 5, 19
List the prime factors of 9460.
2, 5, 11, 43
List the prime factors of 1154.
2, 577
What are the prime factors of 1045?
5, 11, 19
List the prime factors of 3106.
2, 1553
What are the prime factors of 1943?
29, 67
What are the prime factors of 134300?
2, 5, 17, 79
List the prime factors of 915.
3, 5, 61
What are the prime factors of 6856?
2, 857
What are the prime factors of 10216?
2, 1277
What are the prime factors of 24905?
5, 17, 293
List the prime factors of 7933.
7933
List the prime factors of 55018.
2, 27509
What are the prime factors of 32094?
2, 3, 1783
List the prime factors of 120816.
2, 3, 839
List the prime factors of 10327.
23, 449
What are the prime factors of 23872?
2, 373
What are the prime factors of 10768?
2, 673
List the prime factors of 1109.
1109
List the prime factors of 1889.
1889
What are the prime factors of 11517?
3, 11, 349
What are the prime factors of 460?
2, 5, 23
List the prime factors of 964.
2, 241
List the prime factors of 14649.
3, 19, 257
List the prime factors of 15772.
2, 3943
List the prime factors of 4920.
2, 3, 5, 41
List the prime factors of 980.
2, 5, 7
List the prime factors of 22132.
2, 11, 503
List the prime factors of 459.
3, 17
List the prime factors of 9168.
2, 3, 191
What are the prime factors of 3561?
3, 1187
List the prime factors of 1243.
11, 113
What are the prime factors of 18622?
2, 9311
What are the prime factors of 2044?
2, 7, 73
List the prime factors of 6759.
3, 751
List the prime factors of 2646.
2, 3, 7
What are the prime factors of 12113?
12113
What are the prime factors of 1172?
2, 293
What are the prime factors of 17873?
61, 293
What are the prime factors of 666?
2, 3, 37
What are the prime factors of 9448?
2, 1181
What are the prime factors of 2329?
17, 137
List the prime factors of 103435.
5, 137, 151
List the prime factors of 15088.
2, 23, 41
List the prime factors of 676.
2, 13
List the prime factors of 1049.
1049
What are the prime factors of 10186?
2, 11, 463
List the prime factors of 4251.
3, 13, 109
What are the prime factors of 1235?
5, 13, 19
List the prime factors of 80639.
13, 6203
List the prime factors of 135437.
167, 811
What are the prime factors of 68?
2, 17
What are the prime factors of 91605?
3, 5, 31, 197
List the prime factors of 900.
2, 3, 5
List the prime factors of 3099.
3, 1033
List the prime factors of 13614.
2, 3, 2269
List the prime factors of 5765.
5, 1153
What are the prime factors of 1971?
3, 73
What are the prime factors of 17629?
17, 61
What are the prime factors of 710?
2, 5, 71
List the prime factors of 5228.
2, 1307
What are the prime factors of 7083?
3, 787
What are the prime factors of 7856?
2, 491
List the prime factors of 12948.
2, 3, 13, 83
What are the prime factors of 37607?
37607
What are the prime factors of 5410?
2, 5, 541
What are the prime factors of 18427?
18427
List the prime factors of 27498.
2, 3, 4583
What are the prime factors of 42860?
2, 5, 2143
What are the prime factors of 16469?
43, 383
What are the prime factors of 47267?
11, 4297
What are the prime factors of 411?
3, 137
What are the prime factors of 4893?
3, 7, 233
List the prime factors of 9293.
9293
What are the prime factors of 39634?
2, 7, 19, 149
List the prime factors of 12423.
3, 41, 101
What are the prime factors of 23021?
23021
What are the prime factors of 41795?
5, 13, 643
List the prime factors of 784.
2, 7
List the prime factors of 1306.
2, 653
List the prime factors of 107618.
2, 7, 7687
What are the prime factors of 186455?
5, 89, 419
What are the prime factors of 6396?
2, 3, 13, 41
What are the prime factors of 4090?
2, 5, 409
What are the prime factors of 460?
2, 5, 23
What are the prime factors of 3519?
3, 17, 23
What are the prime factors of 202?
2, 101
What are the prime factors of 3504?
2, 3, 73
What are the prime factors of 588?
2, 3, 7
What are the prime factors of 7047?
3, 29
List the prime factors of 13728.
2, 3, 11, 13
What are the prime factors of 34524?
2, 3, 7, 137
List the prime factors of 20262.
2, 3, 11, 307
List the prime factors of 39745.
5, 7949
List the prime factors of 5192.
2, 11, 59
What are the prime factors of 3565?
5, 23, 31
What are the prime factors of 29217?
3, 9739
What are the prime factors of 7681?
7681
List the prime factors of 783.
3, 29
What are the prime factors of 17239?
17239
What are the prime factors of 717?
3, 239
What are the prime factors of 32493?
3, 10831
What are the prime factors of 2229?
3, 743
List the prime factors of 1382.
2, 691
What are the prime factors of 20980?
2, 5, 1049
What are the prime factors of 19914?
2, 3, 3319
List the prime factors of 5976.
2, 3, 83
What are the prime factors of